se 0 = -3*r - 4*t + 380469, -2*t = -13*r + 17*r - 507292. Is r a composite number?
False
Let h = 12269 + -8328. Is h composite?
True
Suppose 5*j + 2*i = 17, -6*i = -j - i + 25. Suppose -3*x + 2*h = -4*x + 61, -3*h + 277 = j*x. Is x a prime number?
True
Let l(z) = -z**3 + 7*z**2 - 2*z + 17. Let a be l(7). Let u = 493 + -335. Suppose -5*i + a*i + u = 0. Is i prime?
True
Let r = -28 + 19. Let v be 2977/r - (-16)/(-72). Is 2/((-664)/v + -2) a composite number?
False
Let j(q) be the third derivative of -2*q**4/3 + 19*q**3/6 - 11*q**2. Is j(-12) composite?
False
Let w(y) = -9*y**2 + 3*y - 4. Let m be w(7). Let a = m + 1010. Is a a composite number?
True
Let y(o) = 94*o**2 + 3*o + 9. Let t be y(6). Suppose 3*w + t = w - l, 4*w - 3*l + 6827 = 0. Is 1/(-4) - w/8 prime?
False
Let d(f) = 5*f + 12. Let u be d(-6). Is (-27)/u*(1 + 2959/3) a composite number?
False
Suppose -d = -13*d + 88932. Is d a composite number?
False
Let u(t) = 12*t**2 - 30*t + 121. Is u(22) composite?
True
Let p be 1 + 2 - 0/(-3). Suppose -3*q + 21 = p. Let b(i) = 4*i + 14. Is b(q) a composite number?
True
Let l(g) = 31*g**2 + 7*g + 34. Let z(a) = -16*a**2 - 3*a - 17. Let u(k) = -2*l(k) - 5*z(k). Is u(6) prime?
False
Is (-21771)/(-24) - (-4)/(-32) a composite number?
False
Let y be 2/(-4)*13364/(-6)*3. Let x = 4678 - y. Is x prime?
False
Suppose -3*s = -2*s + 1. Let b be (2 - 1)*s*1. Is (1/3)/(b/(-279)) a prime number?
False
Let u(b) = -2*b**3 - 10*b**2 - 3*b + 5. Let h(c) = -c**3 + 2*c**2 - 4*c. Let l be h(3). Let v be (2 - -1)/(l/56). Is u(v) prime?
False
Suppose 0 = -20*m + 36*m - 88112. Is m prime?
True
Let w(y) = -4*y + 14. Suppose -a - 2*a = -15. Suppose -a*j = 2*q + 3*q + 35, 3*j = 3*q + 45. Is w(q) a composite number?
True
Let l = -18529 + 30726. Is l a prime number?
True
Suppose 39*k = 172120 + 8099. Is k a prime number?
True
Suppose -6*l = -5 - 7. Let u be (2 + -4)/2 - 1110. Is l/3 + u/(-3) composite?
True
Let p = 579217 - 348972. Is p a prime number?
False
Let a(z) = z**3 - 2*z. Let d be a(2). Suppose 2*s - 599 = 5*w, -2*s + d*w = -509 - 85. Is s a prime number?
False
Let u(r) = 6*r**2. Let z be u(-1). Let l be ((-4)/z)/((-1)/6). Suppose -l*j = -6*j + 50. Is j a composite number?
True
Let u = -6 - -61. Let a = u - -28. Is a composite?
False
Let x = -2 - 1. Let r be -1*9*2/x. Suppose -r*f = -1626 - 144. Is f a prime number?
False
Let g = -13 + -2. Let d = -58 - -110. Let z = g + d. Is z prime?
True
Is 23/(-69) + 109775/15 prime?
False
Suppose -j - 15 = -f, -4*f + 12 = -j - 33. Is (1 - 73/(-5))/(f/25) a composite number?
True
Let r be (4/(1 - 3))/((-10)/25). Suppose 8*p - r*p = 4971. Is p prime?
True
Suppose 2*d + 12 - 1862 = 0. Suppose -y = -6*y + d. Suppose -2*x - 3*x + y = 0. Is x prime?
True
Suppose -3*s - 44 - 352 = 3*g, 132 = -g + 5*s. Is (24342/10)/1 - g/165 a prime number?
False
Let d = -5554 + 14151. Is d a prime number?
True
Let z(s) = 85*s**2 - 6*s - 10. Let w be z(-3). Let n = w + 218. Is n a prime number?
True
Let w be (285/(-45))/(1/(-12)). Let j = 107 - w. Is j a composite number?
False
Suppose 1529 - 442 = t. Is t a prime number?
True
Let b = -5515 - -22338. Is b prime?
True
Let m(w) = w + 2. Let q be m(-6). Let v(j) = 128*j**2 + 9*j + 15. Is v(q) a prime number?
True
Is 1194543/105 - (-6)/15 a prime number?
False
Let n(j) = 370*j - 10. Let v be n(-5). Let x = v - -3749. Is x prime?
True
Let y(n) = -n**3 - 13*n**2 - 16*n - 36. Let k be y(-12). Suppose 0 = 11*t - k - 21. Is t composite?
False
Let c be ((-54)/15)/(18/(-600)). Suppose -v + 2*v + w - 150 = 0, v = 5*w + c. Is v a prime number?
False
Suppose 0 = 5*p - 82553 + 31048. Is p composite?
False
Let w = 1568 + -995. Is w a prime number?
False
Suppose -2*p + 2047 = f, 9*f - 5*p = 7*f + 4112. Is f a composite number?
True
Let t be (-1 + 2)/((-13)/78). Is 8179/13 + t/39 a prime number?
False
Suppose -9*p = -5*p - 16, 5*w = 5*p + 97795. Is w a composite number?
True
Let n = -559 - -342. Let d = 328 + n. Is d a prime number?
False
Let h(w) = 18*w - 83. Is h(19) prime?
False
Let u be -58 - 0/(3 - 2). Let m = 115 + u. Is m a prime number?
False
Let d(v) be the third derivative of -10*v**4 + v**3/6 + v**2 - 27*v. Let c be (-2)/((-2 + 1)/(-1)). Is d(c) prime?
False
Let q = 4 + -2. Suppose 0 = -0*z - q*z - 2. Is z + (0/4 - -248) composite?
True
Let c be 4/(8/(-9))*218. Let z = 1399 + c. Suppose 3*l = -0*d + 2*d - z, 3*d - 617 = 2*l. Is d composite?
True
Suppose -2*t + 8 = 56. Let p = 34 - t. Is p a composite number?
True
Let j(g) = 1165*g**2 + 26*g - 76. Is j(5) a composite number?
False
Suppose -3*g - 2*w = 534, w + 0*w = 0. Let t = 410 + -671. Let k = g - t. Is k a composite number?
False
Let c(n) = -6*n**2 - 12*n + 10. Let m(o) = 7*o**2 + 13*o - 11. Let y(v) = -4*c(v) - 3*m(v). Suppose 0 = -3*u - 16 + 34. Is y(u) composite?
True
Let y(f) = -99*f + 169. Is y(-7) composite?
True
Let u = 6 + -3. Let j be (-9)/u + 3 - -2. Suppose -b + 3 = p - 15, 4*b = -j*p + 26. Is p a composite number?
False
Let f be 19/3 - 2/6. Let n(j) = 6*j**2 - 18*j + 19. Is n(f) composite?
False
Suppose -2*d - 8 = 0, 5*c - 10*c + 2*d - 7 = 0. Is 311 - (c/1 + 7) a composite number?
False
Suppose 16 = -0*i + 8*i. Suppose -4*l = z - 267, -5*z + 2*z - i*l = -761. Is z a composite number?
False
Let z(s) = 8862*s - 107. Is z(3) composite?
False
Is 12/16*(-6996)/(-99) composite?
False
Suppose 4*b = 0, -12 = l - 5*b - 35. Suppose l*u - 20*u - 471 = 0. Is u prime?
True
Suppose 40*f - 4*a - 36102 = 38*f, 18036 = f + a. Is f a prime number?
True
Let d(x) = -4*x**2 + 3*x - 2. Let h = 22 - 20. Let o be d(h). Is ((-14)/(-6))/((-2)/o) a composite number?
True
Let a(b) = 608*b**2 - 29*b + 27. Is a(14) a prime number?
False
Suppose -2*u + 0 = -6. Suppose 7 = -u*n + 1. Is 293/((-1)/(1 + n)) prime?
True
Suppose -y = -0*y - 4*m - 27, 3*y + 2*m = 95. Let c = y + 46. Is c prime?
False
Let c(s) = -s**2 + 34*s + 18. Let v be c(29). Suppose -v*d + 160*d + 1653 = 0. Is d composite?
True
Let s = -8594 - -18973. Is s composite?
True
Suppose k = -5*t + 3*k + 11663, 4*t - 9328 = 4*k. Suppose -3*a = -9, 1257 = 5*g - 5*a - t. Is g a prime number?
False
Suppose -4*s - 2 = -6. Let u be (-6)/(s/(-42)*4). Suppose -2*t = -u - 411. Is t a composite number?
True
Suppose -114107 = 276*p - 283*p. Is p prime?
True
Let i(o) = -o**2 + 3*o + 2. Let u be i(3). Suppose -c + 9 = c - 3*v, v + 3 = -u*c. Suppose c = f - 267 - 298. Is f a prime number?
False
Suppose 2*u - 7287 = -40557. Let f = u - -25784. Is f composite?
True
Let x(w) = 2979*w + 346. Is x(9) a prime number?
False
Suppose 2*q - 8459 = -3*c, c + 0*c - 2818 = q. Is c composite?
False
Let q(w) = -50*w**2. Let s be q(-3). Let v be -2*(4137/(-6))/(-7). Let l = v - s. Is l prime?
False
Let a(i) = -4*i**3 + 7*i**2 - 10*i - 23. Let w be a(-10). Let v = 7356 - w. Is v prime?
True
Suppose 4*p + 3104 + 1282 = 2*x, 5*x - p = 10956. Suppose -6*u + x = -3791. Is u a prime number?
True
Let t = 14 - 9. Suppose -4*a = -o - 3958, -981 = 4*a - t*a - 4*o. Is a prime?
False
Suppose -2*d - 3*a = -2513, -5*a + 5025 = 4*d + 4. Is d prime?
True
Let g be 1615/(-25) + 4/(-10). Is (g/(-4))/((-14)/(-56)) a composite number?
True
Let g(t) = 96*t**2 - 2*t - 6. Suppose y + 1 + 8 = -x, 3*x + 15 = 0. Is g(y) a prime number?
False
Let y be 2 + 1 + (-1)/(-1). Suppose y*m - 519 = m. Suppose -k + m = 14. Is k composite?
True
Let y(u) = u**2 - 10*u + 2. Let i be y(10). Suppose 7*b - i*b = 150. Suppose -b - 16 = -2*w + t, -5*w + 4*t = -115. Is w a prime number?
True
Suppose -2*p = -k + 5, -k - 2*p = -0*p - 5. Let y = k - 1. Suppose y*r = r + 186. Is r a composite number?
True
Suppose 6*r = 22597 + 20321. Is r a composite number?
True
Suppose 5*c - 1656 = 4034. Suppose -w = -h - 1659, 2*h = -5*w + c + 7143. Is w a prime number?
True
Let o = -8 + 25. Let t(x) = -x**3 + 16*x**2 + 30*x. Is t(o) a prime number?
False
Let k = -112 + -94. Let w = -495 - k. Let v = -170 - w. Is v composite?
True
Let p = -12369 + 21163. Is p prime?
False
Let z be 5858/2 + (-16)/(-4). Let t = -1676 + z. Is t prime?
False
Suppose 5*u - 42455 = -2*j, -8096 = -2*u + 3*j + 8886. Is u a composite number?
True
Suppose 0 = 2*m - 12515 + 1297. Is m prime?
False
Let o(i) be the third derivative of -i**7/2520 + i**6/40 - 5*i**4/24 - 5*i**2. Let f(w) be the second derivative of o(w). Is f(11) prime?